- 2. Let d(o) = -2*o + 4. Let j be d(3). Give t(j).
6
Let n(m) = -m**3 + m + 4. Let a be n(0). Suppose -v + 6*v - 10 = 0. Suppose a*p - v = 2. Let q(c) = -2*c**3 + c**2 + c - 1. Give q(p).
-1
Let n(x) = -2*x + 4. Suppose 5*l + 0*m = -m - 61, -l + 5*m = 7. Let a be l/3*(-1 - 0). What is n(a)?
-4
Let x(g) = -2 - 4 + 1 + 2 + 2*g. Suppose -5*r - o = -3 - 8, o = -r - 1. Determine x(r).
3
Let h be -6 - (-3)/(2 + -5). Let v be (0 - 0) + 2 + h. Let j(m) = -m**3 - 4*m**2 + 7*m + 4. Give j(v).
-6
Suppose 6*q = 3*q + 15. Let d(z) = -z**2 + 5*z + 4. Determine d(q).
4
Suppose 2 + 4 = 3*r. Let c(q) = -6*q**2 - q + 1 + q**r + 4*q**2 + 0*q. What is c(2)?
-5
Let g(v) = 2 + v**3 - 3*v**2 - 2*v + 0*v + 6*v**2. Let f(j) = -j**2 + 32*j - 35. Let p be f(31). Calculate g(p).
-6
Let v(b) = -1 + 0*b + b + 0. Let z(n) = -9*n + 2. Let l(u) = 5*v(u) + z(u). Let o(y) = -y**3 + y**2 + y - 2. Let q be o(0). Determine l(q).
5
Let j(q) be the second derivative of -q**3/6 + 7*q**2/2 + 50*q. Give j(6).
1
Let g be 108/63 + 2/7. Suppose -2*k + 9 = -3*q, 4 = -2*q - g*q. Let a(i) = -i**3 + 2*i**2 + 1. Determine a(k).
-8
Let q = 2 - 2. Let u(a) = q*a - 5*a - 4 - a + 5. Determine u(1).
-5
Let x(k) = k**3 - 7*k**2 + 2*k - 18. Let a be x(7). Let f(j) = -j**3 - 3*j**2 + 3*j + 1. Give f(a).
5
Let y(a) = -a**3 + 6*a**2 + a - 3. Let f be -3*((-3 - -1) + 0). Calculate y(f).
3
Let j(r) = 6*r**2 + 6 + r - 2*r + 2*r**3 - r**3. Determine j(-6).
12
Let r = -43 - -45. Let u(m) be the first derivative of m**4 + 0*m + 1/2*m**r + 3 + 1/3*m**3. What is u(-1)?
-4
Let l(j) be the first derivative of j**3/3 + j**2 - 3. Let i be l(-2). Suppose g + i*g = -4*a - 21, -5*a - 20 = -5*g. Let n(h) = -7*h - 1. Calculate n(g).
6
Let q(h) = h**2 + 2*h - 4. Let j(z) = z**2 + 8*z + 10. Let u be j(-7). Determine q(u).
11
Let m(z) = 8*z**3 + 2*z**2 + z - 27*z**3 + 16*z**3. Determine m(-1).
4
Let j(h) = h**3 - 6*h**2. Let o be j(6). Let g = o - -13. Suppose 1 = -2*n + g. Let i(s) = -s**3 + 6*s**2 + 6. Give i(n).
6
Suppose 3 - 9 = 2*w. Suppose 0 = 2*m - 3*m. Let y(b) = -2 + 4*b + m*b**2 + 2*b**2 + 4. Determine y(w).
8
Suppose -4*k - 10 = -34. Let t(l) = l**2 - 7*l + 8. What is t(k)?
2
Let z(b) be the first derivative of -b**2/2 - b + 7. Suppose 7*v = 4*v - 3. Give z(v).
0
Let m(x) = 6*x**3 - x**2 + x - 1. Let g = 3 + -2. Let h be m(g). Let i(b) = 1 + 0 + 3 + b**2 - 6*b. Calculate i(h).
-1
Let b(u) be the first derivative of -u**5/120 + u**4/24 - 2*u**3 - 6. Let p(o) be the third derivative of b(o). What is p(0)?
1
Let h(m) = 2*m**3 - 4*m**2 - m + 4. Suppose 9 = 2*z + z. Calculate h(z).
19
Let k(u) be the third derivative of -u**8/20160 - u**7/630 - u**6/180 + u**5/12 - 4*u**2. Let d(s) be the third derivative of k(s). What is d(-6)?
8
Let c be (1 - 0)/((-6)/6). Let z(u) = 2*u**3 + u + 1. Calculate z(c).
-2
Let y(i) = i**2 - 2*i**2 + 6*i - 2 + 1. Let a be 2/(-8)*2*0. Let v be (1 - 1 - a) + 5. Determine y(v).
4
Let h(q) = -6*q - 2*q + q. What is h(-1)?
7
Let c(z) = 28 - z + 21 - 49. Let g = -8 - -6. Determine c(g).
2
Let d(o) = -o**2 + 8*o + 1. Let g(m) = -2*m**2 - 34*m - 24. Let n be g(-16). Calculate d(n).
1
Suppose 10 = 6*g - g. Let d(b) = -4 - b**2 - 4*b**g + 2 + b**3 + 6*b. Suppose 5*s + 6 - 26 = 0. Determine d(s).
6
Let h(m) be the first derivative of -1 - m - 1/2*m**2. Determine h(0).
-1
Suppose -3 = h, -2*p + 3*h + 4 = -11. Let a(s) be the second derivative of s**4/12 - s**3/6 + s**2 - 7*s. Calculate a(p).
8
Let v(r) = -r**3 + 6*r**2 - 6*r - 2. Suppose -1 + 21 = 4*p. Calculate v(p).
-7
Let w(l) = -2*l - 1. Suppose -8 = 4*z - 4*d, 4 = -2*z - d + 6*d. Give w(z).
3
Let v = -5 + 4. Let f(j) be the second derivative of -7*j**5/60 - j**4/12 - j**3/6 - j**2/2 + 2*j. Let s(b) be the first derivative of f(b). Determine s(v).
-6
Let g(h) be the third derivative of h**5/120 + h**4/24 + 4*h**3/3 - 8*h**2. Let f(q) be the first derivative of g(q). Calculate f(6).
7
Let b(v) = 4*v**3 - 2*v**2 - v. Let o(a) = 8*a**3 - 4*a**2 - 3*a. Let l(w) = -5*b(w) + 2*o(w). Let m = 433 + -432. Calculate l(m).
-3
Let z(b) = 3*b**2 + 3*b + 2. Let o(p) = -3*p**2 - 2*p - 1. Let n(f) = -3*o(f) - 2*z(f). Give n(1).
2
Let o(a) = a**2 - 7*a + 2. Let s be o(7). Let f(i) = -4*i**s + 5*i**2 - 3*i - 2 - 1 - 1. What is f(3)?
-4
Let g(h) = 3*h - 1034 + 512 + 519. Calculate g(3).
6
Suppose 5*o - 2 = 23. Suppose 7*s = 2*s + 10. Let w(z) = 6*z**s - 2*z**3 + z**3 - 3*z - 3*z. What is w(o)?
-5
Suppose -5*z = -3*i + 18 + 17, 6 = z + 2*i. Let t(p) = p**3 + 3*p**2 - 4*p - 4. Determine t(z).
-4
Let a(b) = b**3 + 3*b**2. Suppose 0 = 4*m - 2 - 6. Suppose -m*v + 4 = 2*g, 7 = -2*g + 1. Suppose -3*f + 18 = -n, 5*f - 5 = -v*n + 5. What is a(n)?
0
Suppose a - 6*a = 0. Suppose 3 = x - a*x. Suppose -x*c - 6*w = -3*w + 3, c - 5*w + 13 = 0. Let u(v) = -v**3 - 3*v**2 - 3*v - 1. Give u(c).
8
Let b(x) be the second derivative of -x**4/12 + x**3/3 - 3*x - 5. Give b(4).
-8
Let s(n) = 3*n + 4. Suppose 0*r - 10 = -5*r. Let u(w) = -2. Let m(x) = r*u(x) + 2*s(x). Let c(o) = -17*o - 11. Let l(y) = 3*c(y) + 8*m(y). Calculate l(-2).
5
Let p(u) = 2*u**3 - 2*u**2 - u. Let h be 0 + (2/(-1) - 0). Let r be -1 - (0 - (1 - h)). Calculate p(r).
6
Let o(n) = -n**2 + 7*n - 5. Let m be 4/8*(-2 - -6). Let x = 8 - m. Determine o(x).
1
Let c(q) = 5*q + 1. Let y = 8 + -5. Suppose 0 = 5*o - 3*o - 2*m + 2, -5 = o - y*m. Determine c(o).
6
Suppose 2*j = -j + 15. Let d(b) = -7*b**3 + 7*b - 5*b**2 - 3*b**3 - 4 - b**2 + 11*b**3. Calculate d(j).
6
Let a(d) = d**3 + 7*d**2 - 9*d + 8. Let s = -178 + 170. Give a(s).
16
Let a be ((-4)/6 - -2)*-3. Let b = a + 1. Let j(c) = -c**2 + 0*c - 3 - 2*c - c + 1. Give j(b).
-2
Let r(l) = l**3 + 2*l**2 - 4*l - 2. Let h(m) = -2*m**2 - 1. Let k be h(1). Let x be r(k). Let j(w) = -5*w**2 + 2*w - 1. Give j(x).
-4
Let b(h) be the third derivative of 0*h - 1/3*h**3 - 1/12*h**5 - 1/120*h**6 + 0 - 1/8*h**4 + 3*h**2. Let x be -1 + (1 - 3) - 1. Give b(x).
-6
Let l(h) = -h**3 - 4*h**2 - 2*h - 1. Suppose 3*f + 1 = -8. Give l(f).
-4
Let c = -18 - -29. Suppose -n + c - 3 = 0. Let y(o) = n*o + 2 - 6 - 6*o. Determine y(-4).
-12
Let h(t) = t**3 - 2*t**2 - 2*t - 1. Let r(o) = -2*o - 33. Let f be r(-16). Determine h(f).
-2
Let y be 5 + -1 + 1 + -2. Let l(x) = -2*x**2 + 3*x - 2. Determine l(y).
-11
Let l(k) = 3*k**3 - 5*k**2 - k + 2. Let h(r) = 10*r**3 - 16*r**2 - 2*r + 7. Let q be 7*(3 - 1)/(-2). Let n(i) = q*l(i) + 2*h(i). What is n(4)?
-4
Suppose 3*h + 6 + 6 = 0. Let n(s) = s**3 + 4*s**2 + 7*s + 5. What is n(h)?
-23
Let j be (18/(-14))/(24/16)*7. Let w(t) = t**2 + 5*t + 4. Give w(j).
10
Suppose -11 = 3*y + a + 7, -4*a = -4*y - 24. Let k(n) = -n**2 - 6*n - 3. Give k(y).
-3
Let w = -15 - -13. Let y(a) = -1 + 3 + 1 + 4*a. Calculate y(w).
-5
Let q = -2 + 3. Let h = q - -3. Suppose 0 = -4*s + h. Let c(a) = -a**3 + 2*a**2 - a + 1. Calculate c(s).
1
Let w(d) = 7*d - 4. Let f(v) = -6*v + 4. Let j(x) = -6*f(x) - 5*w(x). What is j(0)?
-4
Let q = 18 + -9. Let d = 6 - q. Let t(v) = v - 4. Calculate t(d).
-7
Let k(t) = 0 + 0*t + 3*t - 5*t - 3. Let w(m) = m**3 + 3*m**2 - 2*m + 5. Let n be w(-4). What is k(n)?
3
Let v(g) be the second derivative of -g**7/840 + g**6/120 + g**5/24 - g**4/4 + 5*g**3/6 + 2*g. Let b(u) be the second derivative of v(u). What is b(4)?
-2
Let x(y) = y**3 - 6*y**2 + 9*y - 4. Let g be x(2). Let a(c) = -2*c. Determine a(g).
4
Let a(s) be the second derivative of -s**3/6 - 7*s**2/2 - s. Let k be (-1)/1 + -2 + 0. Calculate a(k).
-4
Let d(y) = -3*y**2 - 6*y**2 + 3*y - 2 + 7*y**2. Suppose 0 = 2*m + 2*m - j + 5, -25 = -5*j. Suppose 2*r - 6*r + 8 = m. Calculate d(r).
-4
Let o(p) = p + 1. Let x be ((-65)/20 - -3) + (-46)/8. What is o(x)?
-5
Let z(u) be the third derivative of -u**4/24 - u**3/2 + 10*u**2. Determine z(0).
-3
Let t(l) = l**2 - l. Let v be t(-2). Suppose 0 = -2*z - z - v. Let c be 3 + 0 + z + -2. Let f(u) = -u**2 - u - 1. Calculate f(c).
-1
Let v(i) = 5 - 18*i - 2 + 16*i. Determine v(3).
-3
Let n(r) = -r**2 + 10*r - 7. Let a(h) = h**2 - 11*h + 8. Let v(d) = -6*a(d) - 7*n(d). What is v(5)?
6
Let z(j) = 2*j + 13. Let w(u) = -u. Let x(b) = 3*w(b) + z(b). Calculate x(0).
13
Suppose 5*u - 2*l - 6 = 0, -5 + 13 = 2*u + 2*l. Suppose a = u*a + 2*n - 3, 2*n = 2*a - 6. Let r(j) = -4*j - j**3 + 4 + 2*j + 4*j + 2*j**2. Calculate r(a).
1
Let i(v) = v**3 + 5*v**2 + 2*v + 3. Let c(g) = g**